late the greatest common divisor of 656 and 752.
16
What is the greatest common factor of 126 and 182?
14
What is the highest common factor of 238 and 68?
34
What is the highest common factor of 714 and 7?
7
What is the highest common factor of 84 and 528?
12
What is the highest common factor of 88 and 5676?
44
Calculate the greatest common divisor of 496 and 80.
16
Calculate the highest common divisor of 45 and 75.
15
What is the greatest common factor of 410 and 902?
82
Calculate the greatest common divisor of 2668 and 696.
116
Calculate the greatest common factor of 2 and 31.
1
What is the highest common factor of 328 and 4961?
41
Calculate the greatest common factor of 362 and 18281.
181
Calculate the greatest common divisor of 7 and 455.
7
Calculate the greatest common factor of 48 and 144.
48
What is the highest common factor of 810 and 360?
90
What is the greatest common factor of 480 and 15?
15
Calculate the greatest common divisor of 75 and 1675.
25
What is the greatest common divisor of 35 and 1120?
35
What is the highest common factor of 715 and 429?
143
What is the highest common factor of 5655 and 174?
87
Calculate the greatest common divisor of 7656 and 22.
22
Calculate the highest common factor of 500 and 30.
10
What is the greatest common divisor of 564 and 987?
141
Calculate the greatest common factor of 138 and 186.
6
Calculate the highest common divisor of 28432 and 16.
16
Calculate the greatest common factor of 84 and 4584.
12
What is the highest common divisor of 999 and 1369?
37
Calculate the greatest common factor of 59 and 472.
59
Calculate the greatest common divisor of 33 and 6.
3
Calculate the highest common divisor of 23976 and 72.
72
What is the greatest common divisor of 42 and 10752?
42
Calculate the greatest common factor of 473 and 66.
11
What is the highest common divisor of 23 and 69?
23
Calculate the highest common divisor of 2528 and 64.
32
What is the highest common divisor of 1800 and 8325?
225
What is the highest common factor of 15 and 1635?
15
What is the highest common factor of 191 and 25594?
191
What is the highest common divisor of 88 and 770?
22
What is the greatest common divisor of 130 and 25?
5
What is the highest common factor of 134 and 2?
2
What is the highest common factor of 4455 and 110?
55
What is the greatest common factor of 522 and 29?
29
What is the greatest common factor of 208 and 512?
16
Calculate the greatest common factor of 448 and 77.
7
What is the highest common factor of 49 and 539?
49
What is the highest common factor of 7 and 5075?
7
Calculate the highest common divisor of 177 and 6.
3
Calculate the greatest common divisor of 410 and 270.
10
Calculate the greatest common factor of 92 and 2024.
92
Calculate the highest common factor of 70 and 4795.
35
Calculate the highest common divisor of 114 and 54.
6
What is the highest common factor of 396 and 60?
12
What is the highest common divisor of 77 and 242?
11
Calculate the highest common divisor of 8235 and 30.
15
Calculate the highest common factor of 265 and 1431.
53
Calculate the highest common divisor of 805 and 56.
7
Calculate the greatest common divisor of 34 and 306.
34
Calculate the highest common factor of 604 and 4.
4
Calculate the greatest common factor of 142 and 5254.
142
What is the greatest common divisor of 61 and 3721?
61
What is the highest common divisor of 118482 and 39?
39
Calculate the greatest common factor of 54 and 78.
6
Calculate the highest common factor of 671 and 22.
11
What is the greatest common factor of 4990 and 20?
10
Calculate the highest common factor of 24 and 408.
24
Calculate the highest common factor of 3 and 4749.
3
What is the highest common divisor of 2236 and 688?
172
Calculate the greatest common factor of 18 and 1314.
18
What is the highest common factor of 791 and 226?
113
Calculate the greatest common divisor of 923 and 13.
13
What is the greatest common divisor of 17 and 1?
1
Calculate the highest common divisor of 204 and 12.
12
Calculate the highest common factor of 18 and 63.
9
Calculate the greatest common divisor of 27 and 459.
27
What is the greatest common divisor of 3872 and 224?
32
Calculate the highest common factor of 968 and 110.
22
Calculate the highest common factor of 20 and 26080.
20
Calculate the greatest common divisor of 11 and 37422.
11
Calculate the greatest common divisor of 56 and 100.
4
What is the highest common factor of 63 and 261?
9
Calculate the highest common divisor of 7665 and 210.
105
What is the greatest common divisor of 3 and 33?
3
What is the greatest common divisor of 6 and 186?
6
Calculate the greatest common factor of 594 and 54.
54
What is the highest common factor of 2 and 254?
2
What is the highest common divisor of 38 and 361?
19
Calculate the greatest common divisor of 6848 and 448.
64
Calculate the highest common divisor of 8 and 9496.
8
Calculate the highest common divisor of 615 and 15.
15
What is the greatest common factor of 12 and 1068?
12
Calculate the greatest common divisor of 1593 and 236.
59
Calculate the highest common factor of 68 and 17.
17
What is the greatest common factor of 72 and 1080?
72
Calculate the highest common divisor of 93 and 155.
31
What is the greatest common divisor of 72 and 3096?
72
What is the greatest common factor of 222 and 592?
74
What is the greatest common divisor of 341 and 11?
11
What is the greatest common divisor of 24 and 456?
24
What is the highest common divisor of 203 and 189?
7
Calculate the greatest common divisor of 18425 and 1005.
335
Calculate the highest common factor of 8799 and 21.
21
Calculate the greatest common divisor of 230 and 80.
10
What is the highest common factor of 14056 and 24?
8
What is the greatest common divisor of 49 and 175?
7
What is the greatest common divisor of 10 and 41?
1
Calculate the greatest common divisor of 65 and 260.
65
Calculate the highest common divisor of 18338 and 106.
106
Calculate the greatest common factor of 216 and 5976.
72
Calculate the highest common factor of 9850 and 50.
50
Calculate the highest common factor of 39 and 78.
39
Calculate the highest common divisor of 6 and 102.
6
What is the highest common divisor of 10108 and 608?
76
What is the greatest common factor of 40491 and 99?
99
Calculate the highest common divisor of 36 and 6.
6
What is the highest common divisor of 160 and 250?
10
Calculate the highest common divisor of 385 and 231.
77
Calculate the greatest common factor of 299 and 325.
13
Calculate the highest common divisor of 44 and 2497.
11
What is the greatest common divisor of 8 and 12?
4
What is the highest common factor of 15712 and 64?
32
What is the highest common divisor of 21 and 231?
21
What is the greatest common factor of 3 and 1208?
1
Calculate the greatest common divisor of 44492 and 28.
28
Calculate the highest common factor of 123 and 2009.
41
What is the highest common factor of 119 and 7259?
119
Calculate the highest common divisor of 17 and 187.
17
Calculate the highest common divisor of 69 and 34155.
69
Calculate the highest common factor of 225 and 50.
25
Calculate the highest common divisor of 33 and 20229.
33
Calculate the greatest common divisor of 3445 and 106.
53
Calculate the greatest common factor of 496 and 403.
31
Calculate the highest common divisor of 9 and 225.
9
What is the highest common factor of 114 and 969?
57
Calculate the highest common factor of 145 and 1073.
29
What is the greatest common factor of 234 and 477?
9
What is the highest common divisor of 168 and 7104?
24
What is the highest common factor of 52 and 962?
26
What is the greatest common factor of 1004 and 8?
4
What is the greatest common factor of 252 and 147?
21
Calculate the highest common divisor of 64 and 28.
4
Calculate the greatest common factor of 574 and 70.
14
Calculate the greatest common factor of 78 and 273.
39
What is the greatest common divisor of 240 and 320?
80
Calculate the greatest common factor of 99 and 12639.
33
Calculate the highest common factor of 536 and 184.
8
What is the highest common factor of 77 and 21?
7
What is the greatest common divisor of 463 and 22687?
463
Calculate the greatest common divisor of 1131 and 87.
87
Calculate the highest common divisor of 585 and 819.
117
Calculate the